{"id":1842,"date":"2024-10-24T11:03:13","date_gmt":"2024-10-24T15:03:13","guid":{"rendered":"http:\/\/200.11.228.221\/?page_id=1842"},"modified":"2024-10-29T18:12:25","modified_gmt":"2024-10-29T22:12:25","slug":"asesoria-y-convenios","status":"publish","type":"page","link":"https:\/\/iaes.edu.ve\/?page_id=1842","title":{"rendered":"Asesor\u00eda y Convenios"},"content":{"rendered":"\t\t<div data-elementor-type=\"wp-page\" data-elementor-id=\"1842\" class=\"elementor elementor-1842\">\n\t\t\t\t<div class=\"elementor-element elementor-element-230f580 e-flex e-con-boxed e-con e-parent\" data-id=\"230f580\" data-element_type=\"container\" data-e-type=\"container\">\n\t\t\t\t\t<div class=\"e-con-inner\">\n\t\t\t\t<div class=\"elementor-element elementor-element-97bd491 elementor-widget elementor-widget-text-editor\" data-id=\"97bd491\" data-element_type=\"widget\" data-e-type=\"widget\" data-widget_type=\"text-editor.default\">\n\t\t\t\t<div class=\"elementor-widget-container\">\n\t\t\t\t\t\t\t\t\t<p><img decoding=\"async\" class=\"alignright wp-image-1844\" src=\"https:\/\/iaes.edu.ve\/wp-content\/uploads\/2024\/10\/convenios.jpg\" alt=\"\" width=\"200\" height=\"141\" \/>La <strong>Coordinaci\u00f3n de Asesor\u00eda y Cooperaci\u00f3n T\u00e9cnica<\/strong> est\u00e1 dedicada a la gerencia de convenios y propuestas de cooperaci\u00f3n con instituciones nacionales e internacionales bajo lineamientos del <b>Ministerio del Poder Popular para la Salud\u00a0<\/b>(MPPS), con la finalidad de respaldar los programas y proyectos e impulsar el desarrollo de los planes que se ejecutan desde el nuestra instituci\u00f3n.<\/p><p>El IAE mantiene convenios a nivel internacional con el <b>Organismo Andino de Salud Convenio Hip\u00f3lito Unanue<\/b> (ORAS-CONHU), Acuerdo de Cooperaci\u00f3n con la <b>Escola Nacional de Saude P\u00fablica Sergio Arauca<\/b> (FIOCRUZ) Brasil, Carta de Intenci\u00f3n con el <b>Instituto de Medicina Tropical \u201cPedro Kour\u00ed\u201d<\/b> (IPK) Cuba, entre otros.<\/p><p>A nivel nacional con la <b>Direcci\u00f3n General de Salud Ambiental<\/b> (DGSA), <b>Fundaci\u00f3n Jos\u00e9 F\u00e9lix Ribas<\/b> (FUNDARIBAS), <b>Fundaci\u00f3n para el Crecimiento y Desarrollo<\/b> (FUNDACREDESA), <b>Fundaci\u00f3n Gran Mariscal de Ayacucho<\/b> (FUNDAYACUCHO), <b>Universidad Experimental Francisco de Miranda\u00a0<\/b>(UNEFM), <b>Corporaci\u00f3n Venezolana de Guayana<\/b> (CVG), <b>Instituto Nacional de Prevenci\u00f3n, Salud y Seguridad Laboral <\/b>(INPSASEL), entre otros.<\/p>\t\t\t\t\t\t\t\t<\/div>\n\t\t\t\t<\/div>\n\t\t\t\t\t<\/div>\n\t\t\t\t<\/div>\n\t\t<div class=\"elementor-element elementor-element-6951b1e e-flex e-con-boxed e-con e-parent\" data-id=\"6951b1e\" data-element_type=\"container\" data-e-type=\"container\">\n\t\t\t\t\t<div class=\"e-con-inner\">\n\t\t\t\t<div class=\"elementor-element elementor-element-3350ab0 elementor-widget elementor-widget-button\" data-id=\"3350ab0\" data-element_type=\"widget\" data-e-type=\"widget\" data-widget_type=\"button.default\">\n\t\t\t\t<div class=\"elementor-widget-container\">\n\t\t\t\t\t\t\t\t\t<div class=\"elementor-button-wrapper\">\n\t\t\t\t\t<a class=\"elementor-button elementor-button-link elementor-size-sm elementor-animation-grow\" href=\"https:\/\/iaes.edu.ve\/?page_id=60\">\n\t\t\t\t\t\t<span class=\"elementor-button-content-wrapper\">\n\t\t\t\t\t\t<span class=\"elementor-button-icon\">\n\t\t\t\t<svg aria-hidden=\"true\" class=\"e-font-icon-svg e-fas-arrow-circle-left\" viewBox=\"0 0 512 512\" xmlns=\"http:\/\/www.w3.org\/2000\/svg\"><path d=\"M256 504C119 504 8 393 8 256S119 8 256 8s248 111 248 248-111 248-248 248zm28.9-143.6L209.4 288H392c13.3 0 24-10.7 24-24v-16c0-13.3-10.7-24-24-24H209.4l75.5-72.4c9.7-9.3 9.9-24.8.4-34.3l-11-10.9c-9.4-9.4-24.6-9.4-33.9 0L107.7 239c-9.4 9.4-9.4 24.6 0 33.9l132.7 132.7c9.4 9.4 24.6 9.4 33.9 0l11-10.9c9.5-9.5 9.3-25-.4-34.3z\"><\/path><\/svg>\t\t\t<\/span>\n\t\t\t\t\t\t\t\t\t<span class=\"elementor-button-text\">Volver<\/span>\n\t\t\t\t\t<\/span>\n\t\t\t\t\t<\/a>\n\t\t\t\t<\/div>\n\t\t\t\t\t\t\t\t<\/div>\n\t\t\t\t<\/div>\n\t\t\t\t\t<\/div>\n\t\t\t\t<\/div>\n\t\t\t\t<\/div>\n\t\t<p>Views: 118<\/p>","protected":false},"excerpt":{"rendered":"<p>La Coordinaci\u00f3n de Asesor\u00eda y Cooperaci\u00f3n T\u00e9cnica est\u00e1 dedicada a la gerencia de convenios y propuestas de cooperaci\u00f3n con instituciones nacionales e internacionales bajo lineamientos del Ministerio del Poder Popular para la Salud\u00a0(MPPS), con la finalidad de respaldar los programas y proyectos e impulsar el desarrollo de los planes que se ejecutan desde el nuestra [&hellip;]<\/p>\n","protected":false},"author":1,"featured_media":0,"parent":0,"menu_order":0,"comment_status":"closed","ping_status":"closed","template":"","meta":{"inline_featured_image":false,"footnotes":""},"class_list":["post-1842","page","type-page","status-publish","hentry"],"yoast_head":"<!-- This site is optimized with the Yoast SEO plugin v27.4 - https:\/\/yoast.com\/product\/yoast-seo-wordpress\/ -->\n<title>Asesor\u00eda y Convenios - iaes<\/title>\n<meta name=\"description\" content=\"Asesor\u00edas, Convenios, Cooperaci\u00f3n, MPPS, IAE, FIOCRUZ, IPK, DGSA, FUNDARIBAS, FUNDACREDESA, FUNDAYACUCHO, IPASME, INPSASEL, IVSS\" \/>\n<meta name=\"robots\" content=\"index, follow, max-snippet:-1, max-image-preview:large, max-video-preview:-1\" \/>\n<link rel=\"canonical\" href=\"https:\/\/iaes.edu.ve\/?page_id=1842\" \/>\n<meta property=\"og:locale\" content=\"es_ES\" \/>\n<meta property=\"og:type\" content=\"article\" \/>\n<meta property=\"og:title\" content=\"Asesor\u00eda y Convenios - iaes\" \/>\n<meta property=\"og:description\" content=\"Asesor\u00edas, Convenios, Cooperaci\u00f3n, MPPS, IAE, FIOCRUZ, IPK, DGSA, FUNDARIBAS, FUNDACREDESA, FUNDAYACUCHO, IPASME, INPSASEL, IVSS\" \/>\n<meta property=\"og:url\" content=\"https:\/\/iaes.edu.ve\/?page_id=1842\" \/>\n<meta property=\"og:site_name\" content=\"iaes\" \/>\n<meta property=\"article:publisher\" content=\"https:\/\/www.facebook.com\/IAEGabaldonOficial\" \/>\n<meta property=\"article:modified_time\" content=\"2024-10-29T22:12:25+00:00\" \/>\n<meta property=\"og:image\" content=\"http:\/\/200.11.228.221\/wp-content\/uploads\/2024\/10\/convenios.jpg\" \/>\n<meta name=\"twitter:card\" content=\"summary_large_image\" \/>\n<meta name=\"twitter:site\" content=\"@iaegabaldon\" \/>\n<meta name=\"twitter:label1\" content=\"Tiempo estimado de lectura\" \/>\n\t<meta name=\"twitter:data1\" content=\"1 minuto\" \/>\n<script type=\"application\/ld+json\" class=\"yoast-schema-graph\">{\"@context\":\"https:\\\/\\\/schema.org\",\"@graph\":[{\"@type\":\"WebPage\",\"@id\":\"https:\\\/\\\/iaes.edu.ve\\\/?page_id=1842\",\"url\":\"https:\\\/\\\/iaes.edu.ve\\\/?page_id=1842\",\"name\":\"Asesor\u00eda y Convenios - iaes\",\"isPartOf\":{\"@id\":\"https:\\\/\\\/iaes.edu.ve\\\/#website\"},\"primaryImageOfPage\":{\"@id\":\"https:\\\/\\\/iaes.edu.ve\\\/?page_id=1842#primaryimage\"},\"image\":{\"@id\":\"https:\\\/\\\/iaes.edu.ve\\\/?page_id=1842#primaryimage\"},\"thumbnailUrl\":\"http:\\\/\\\/200.11.228.221\\\/wp-content\\\/uploads\\\/2024\\\/10\\\/convenios.jpg\",\"datePublished\":\"2024-10-24T15:03:13+00:00\",\"dateModified\":\"2024-10-29T22:12:25+00:00\",\"description\":\"Asesor\u00edas, Convenios, Cooperaci\u00f3n, MPPS, IAE, FIOCRUZ, IPK, DGSA, FUNDARIBAS, FUNDACREDESA, FUNDAYACUCHO, IPASME, INPSASEL, IVSS\",\"breadcrumb\":{\"@id\":\"https:\\\/\\\/iaes.edu.ve\\\/?page_id=1842#breadcrumb\"},\"inLanguage\":\"es\",\"potentialAction\":[{\"@type\":\"ReadAction\",\"target\":[\"https:\\\/\\\/iaes.edu.ve\\\/?page_id=1842\"]}]},{\"@type\":\"ImageObject\",\"inLanguage\":\"es\",\"@id\":\"https:\\\/\\\/iaes.edu.ve\\\/?page_id=1842#primaryimage\",\"url\":\"http:\\\/\\\/200.11.228.221\\\/wp-content\\\/uploads\\\/2024\\\/10\\\/convenios.jpg\",\"contentUrl\":\"http:\\\/\\\/200.11.228.221\\\/wp-content\\\/uploads\\\/2024\\\/10\\\/convenios.jpg\"},{\"@type\":\"BreadcrumbList\",\"@id\":\"https:\\\/\\\/iaes.edu.ve\\\/?page_id=1842#breadcrumb\",\"itemListElement\":[{\"@type\":\"ListItem\",\"position\":1,\"name\":\"Portada\",\"item\":\"https:\\\/\\\/iaes.edu.ve\\\/\"},{\"@type\":\"ListItem\",\"position\":2,\"name\":\"Asesor\u00eda y Convenios\"}]},{\"@type\":\"WebSite\",\"@id\":\"https:\\\/\\\/iaes.edu.ve\\\/#website\",\"url\":\"https:\\\/\\\/iaes.edu.ve\\\/\",\"name\":\"iaes\",\"description\":\"Formando al talento humano del Sistema P\u00fablico Nacional de Salud\",\"publisher\":{\"@id\":\"https:\\\/\\\/iaes.edu.ve\\\/#organization\"},\"potentialAction\":[{\"@type\":\"SearchAction\",\"target\":{\"@type\":\"EntryPoint\",\"urlTemplate\":\"https:\\\/\\\/iaes.edu.ve\\\/?s={search_term_string}\"},\"query-input\":{\"@type\":\"PropertyValueSpecification\",\"valueRequired\":true,\"valueName\":\"search_term_string\"}}],\"inLanguage\":\"es\"},{\"@type\":\"Organization\",\"@id\":\"https:\\\/\\\/iaes.edu.ve\\\/#organization\",\"name\":\"Servicio Aut\u00f3nomo Instituto de Altos Estudios Dr. Arnoldo Gabaldon\",\"alternateName\":\"IAE Dr. Arnoldo Gabaldon\",\"url\":\"https:\\\/\\\/iaes.edu.ve\\\/\",\"logo\":{\"@type\":\"ImageObject\",\"inLanguage\":\"es\",\"@id\":\"https:\\\/\\\/iaes.edu.ve\\\/#\\\/schema\\\/logo\\\/image\\\/\",\"url\":\"https:\\\/\\\/iaes.edu.ve\\\/wp-content\\\/uploads\\\/2024\\\/05\\\/logo-iae-hor.png\",\"contentUrl\":\"https:\\\/\\\/iaes.edu.ve\\\/wp-content\\\/uploads\\\/2024\\\/05\\\/logo-iae-hor.png\",\"width\":512,\"height\":170,\"caption\":\"Servicio Aut\u00f3nomo Instituto de Altos Estudios Dr. Arnoldo Gabaldon\"},\"image\":{\"@id\":\"https:\\\/\\\/iaes.edu.ve\\\/#\\\/schema\\\/logo\\\/image\\\/\"},\"sameAs\":[\"https:\\\/\\\/www.facebook.com\\\/IAEGabaldonOficial\",\"https:\\\/\\\/x.com\\\/iaegabaldon\",\"https:\\\/\\\/www.instagram.com\\\/iaegabaldon_oficial\\\/\",\"https:\\\/\\\/www.youtube.com\\\/@iaesgabaldon\"]}]}<\/script>\n<!-- \/ Yoast SEO plugin. -->","yoast_head_json":{"title":"Asesor\u00eda y Convenios - iaes","description":"Asesor\u00edas, Convenios, Cooperaci\u00f3n, MPPS, IAE, FIOCRUZ, IPK, DGSA, FUNDARIBAS, FUNDACREDESA, FUNDAYACUCHO, IPASME, INPSASEL, IVSS","robots":{"index":"index","follow":"follow","max-snippet":"max-snippet:-1","max-image-preview":"max-image-preview:large","max-video-preview":"max-video-preview:-1"},"canonical":"https:\/\/iaes.edu.ve\/?page_id=1842","og_locale":"es_ES","og_type":"article","og_title":"Asesor\u00eda y Convenios - iaes","og_description":"Asesor\u00edas, Convenios, Cooperaci\u00f3n, MPPS, IAE, FIOCRUZ, IPK, DGSA, FUNDARIBAS, FUNDACREDESA, FUNDAYACUCHO, IPASME, INPSASEL, IVSS","og_url":"https:\/\/iaes.edu.ve\/?page_id=1842","og_site_name":"iaes","article_publisher":"https:\/\/www.facebook.com\/IAEGabaldonOficial","article_modified_time":"2024-10-29T22:12:25+00:00","og_image":[{"url":"http:\/\/200.11.228.221\/wp-content\/uploads\/2024\/10\/convenios.jpg","type":"","width":"","height":""}],"twitter_card":"summary_large_image","twitter_site":"@iaegabaldon","twitter_misc":{"Tiempo estimado de lectura":"1 minuto"},"schema":{"@context":"https:\/\/schema.org","@graph":[{"@type":"WebPage","@id":"https:\/\/iaes.edu.ve\/?page_id=1842","url":"https:\/\/iaes.edu.ve\/?page_id=1842","name":"Asesor\u00eda y Convenios - iaes","isPartOf":{"@id":"https:\/\/iaes.edu.ve\/#website"},"primaryImageOfPage":{"@id":"https:\/\/iaes.edu.ve\/?page_id=1842#primaryimage"},"image":{"@id":"https:\/\/iaes.edu.ve\/?page_id=1842#primaryimage"},"thumbnailUrl":"http:\/\/200.11.228.221\/wp-content\/uploads\/2024\/10\/convenios.jpg","datePublished":"2024-10-24T15:03:13+00:00","dateModified":"2024-10-29T22:12:25+00:00","description":"Asesor\u00edas, Convenios, Cooperaci\u00f3n, MPPS, IAE, FIOCRUZ, IPK, DGSA, FUNDARIBAS, FUNDACREDESA, FUNDAYACUCHO, IPASME, INPSASEL, IVSS","breadcrumb":{"@id":"https:\/\/iaes.edu.ve\/?page_id=1842#breadcrumb"},"inLanguage":"es","potentialAction":[{"@type":"ReadAction","target":["https:\/\/iaes.edu.ve\/?page_id=1842"]}]},{"@type":"ImageObject","inLanguage":"es","@id":"https:\/\/iaes.edu.ve\/?page_id=1842#primaryimage","url":"http:\/\/200.11.228.221\/wp-content\/uploads\/2024\/10\/convenios.jpg","contentUrl":"http:\/\/200.11.228.221\/wp-content\/uploads\/2024\/10\/convenios.jpg"},{"@type":"BreadcrumbList","@id":"https:\/\/iaes.edu.ve\/?page_id=1842#breadcrumb","itemListElement":[{"@type":"ListItem","position":1,"name":"Portada","item":"https:\/\/iaes.edu.ve\/"},{"@type":"ListItem","position":2,"name":"Asesor\u00eda y Convenios"}]},{"@type":"WebSite","@id":"https:\/\/iaes.edu.ve\/#website","url":"https:\/\/iaes.edu.ve\/","name":"iaes","description":"Formando al talento humano del Sistema P\u00fablico Nacional de Salud","publisher":{"@id":"https:\/\/iaes.edu.ve\/#organization"},"potentialAction":[{"@type":"SearchAction","target":{"@type":"EntryPoint","urlTemplate":"https:\/\/iaes.edu.ve\/?s={search_term_string}"},"query-input":{"@type":"PropertyValueSpecification","valueRequired":true,"valueName":"search_term_string"}}],"inLanguage":"es"},{"@type":"Organization","@id":"https:\/\/iaes.edu.ve\/#organization","name":"Servicio Aut\u00f3nomo Instituto de Altos Estudios Dr. Arnoldo Gabaldon","alternateName":"IAE Dr. Arnoldo Gabaldon","url":"https:\/\/iaes.edu.ve\/","logo":{"@type":"ImageObject","inLanguage":"es","@id":"https:\/\/iaes.edu.ve\/#\/schema\/logo\/image\/","url":"https:\/\/iaes.edu.ve\/wp-content\/uploads\/2024\/05\/logo-iae-hor.png","contentUrl":"https:\/\/iaes.edu.ve\/wp-content\/uploads\/2024\/05\/logo-iae-hor.png","width":512,"height":170,"caption":"Servicio Aut\u00f3nomo Instituto de Altos Estudios Dr. Arnoldo Gabaldon"},"image":{"@id":"https:\/\/iaes.edu.ve\/#\/schema\/logo\/image\/"},"sameAs":["https:\/\/www.facebook.com\/IAEGabaldonOficial","https:\/\/x.com\/iaegabaldon","https:\/\/www.instagram.com\/iaegabaldon_oficial\/","https:\/\/www.youtube.com\/@iaesgabaldon"]}]}},"_links":{"self":[{"href":"https:\/\/iaes.edu.ve\/index.php?rest_route=\/wp\/v2\/pages\/1842","targetHints":{"allow":["GET"]}}],"collection":[{"href":"https:\/\/iaes.edu.ve\/index.php?rest_route=\/wp\/v2\/pages"}],"about":[{"href":"https:\/\/iaes.edu.ve\/index.php?rest_route=\/wp\/v2\/types\/page"}],"author":[{"embeddable":true,"href":"https:\/\/iaes.edu.ve\/index.php?rest_route=\/wp\/v2\/users\/1"}],"replies":[{"embeddable":true,"href":"https:\/\/iaes.edu.ve\/index.php?rest_route=%2Fwp%2Fv2%2Fcomments&post=1842"}],"version-history":[{"count":10,"href":"https:\/\/iaes.edu.ve\/index.php?rest_route=\/wp\/v2\/pages\/1842\/revisions"}],"predecessor-version":[{"id":2161,"href":"https:\/\/iaes.edu.ve\/index.php?rest_route=\/wp\/v2\/pages\/1842\/revisions\/2161"}],"wp:attachment":[{"href":"https:\/\/iaes.edu.ve\/index.php?rest_route=%2Fwp%2Fv2%2Fmedia&parent=1842"}],"curies":[{"name":"wp","href":"https:\/\/api.w.org\/{rel}","templated":true}]}}