{"id":1978,"date":"2024-10-25T11:31:08","date_gmt":"2024-10-25T15:31:08","guid":{"rendered":"http:\/\/200.11.228.221\/?page_id=1978"},"modified":"2025-10-23T10:10:01","modified_gmt":"2025-10-23T14:10:01","slug":"biblioteca-digital-iae","status":"publish","type":"page","link":"https:\/\/iaes.edu.ve\/?page_id=1978","title":{"rendered":"Biblioteca Digital IAE"},"content":{"rendered":"\t\t<div data-elementor-type=\"wp-page\" data-elementor-id=\"1978\" class=\"elementor elementor-1978\">\n\t\t\t\t<div class=\"elementor-element elementor-element-7485940 e-flex e-con-boxed e-con e-parent\" data-id=\"7485940\" data-element_type=\"container\" data-e-type=\"container\">\n\t\t\t\t\t<div class=\"e-con-inner\">\n\t\t\t\t<div class=\"elementor-element elementor-element-37f914b elementor-widget elementor-widget-text-editor\" data-id=\"37f914b\" data-element_type=\"widget\" data-e-type=\"widget\" data-widget_type=\"text-editor.default\">\n\t\t\t\t<div class=\"elementor-widget-container\">\n\t\t\t\t\t\t\t\t\t<figure id=\"attachment_1981\" aria-describedby=\"caption-attachment-1981\" style=\"width: 200px\" class=\"wp-caption alignright\"><a href=\"https:\/\/iaes.edu.ve\/wp-content\/uploads\/2024\/10\/biblioteca.jpg\"><img decoding=\"async\" class=\"wp-image-1981\" src=\"https:\/\/iaes.edu.ve\/wp-content\/uploads\/2024\/10\/biblioteca.jpg\" alt=\"Biblioteca IAE\" width=\"200\" height=\"151\" \/><\/a><figcaption id=\"caption-attachment-1981\" class=\"wp-caption-text\">Biblioteca IAE<\/figcaption><\/figure><p>Es un espacio cuyo prop\u00f3sito es facilitar y garantizar a los diferentes usuarios y usuarias el acceso al fondo documental (en f\u00edsico y digital) de la Instituci\u00f3n que les permita cumplir con sus objetivos de estudio, docencia, investigaci\u00f3n y gesti\u00f3n eficaz.<\/p><h5 style=\"text-align: left;\"><span style=\"color: #808080;\">Horario:<\/span> De lunes a viernes de 8:00 a.m. a 12:00 m. y de 1:00 a 4:00 p.m.<\/h5>\t\t\t\t\t\t\t\t<\/div>\n\t\t\t\t<\/div>\n\t\t\t\t\t<\/div>\n\t\t\t\t<\/div>\n\t\t<div class=\"elementor-element elementor-element-bea4cc2 e-flex e-con-boxed e-con e-parent\" data-id=\"bea4cc2\" data-element_type=\"container\" data-e-type=\"container\">\n\t\t\t\t\t<div class=\"e-con-inner\">\n\t\t\t\t<div class=\"elementor-element elementor-element-21db72e elementor-widget elementor-widget-elementskit-simple-tab\" data-id=\"21db72e\" data-element_type=\"widget\" data-e-type=\"widget\" data-widget_type=\"elementskit-simple-tab.default\">\n\t\t\t\t<div class=\"elementor-widget-container\">\n\t\t\t\t\t<div class=\"ekit-wid-con\" >        <div class=\"elementkit-tab-wraper  \">\n            <ul class=\"nav nav-tabs elementkit-tab-nav  elementskit_tooltip_style elementskit_tooltip_style elementskit-fullwidth-tab\">\n                                    <li class=\"elementkit-nav-item elementor-repeater-item-ed257c8\">\n                        <a class=\"elementkit-nav-link  active show left-pos\" id=\"content-ed257c869de74c9ceba7-tab\" data-ekit-handler-id=\"servicios-biliotecarios\" data-ekit-toggle=\"tab\" data-target=\"#content-ed257c869de74c9ceba7\" href=\"#Content-ed257c869de74c9ceba7\"\n                            data-ekit-toggle-trigger=\"click\"\n                            aria-describedby=\"Content-ed257c869de74c9ceba7\">\n                                                        <span class=\"elementskit-tab-title\">Servicios Biliotecarios<\/span>\n                        <\/a>\n                    <\/li>\n                                        <li class=\"elementkit-nav-item elementor-repeater-item-45a991d\">\n                        <a class=\"elementkit-nav-link  left-pos\" id=\"content-45a991d69de74c9ceba7-tab\" data-ekit-handler-id=\"recursos-digitales\" data-ekit-toggle=\"tab\" data-target=\"#content-45a991d69de74c9ceba7\" href=\"#Content-45a991d69de74c9ceba7\"\n                            data-ekit-toggle-trigger=\"click\"\n                            aria-describedby=\"Content-45a991d69de74c9ceba7\">\n                                                        <span class=\"elementskit-tab-title\">Recursos Digitales<\/span>\n                        <\/a>\n                    <\/li>\n                                        <li class=\"elementkit-nav-item elementor-repeater-item-df22d6e\">\n                        <a class=\"elementkit-nav-link  left-pos\" id=\"content-df22d6e69de74c9ceba7-tab\" data-ekit-handler-id=\"m-s-informaci-n-\" data-ekit-toggle=\"tab\" data-target=\"#content-df22d6e69de74c9ceba7\" href=\"#Content-df22d6e69de74c9ceba7\"\n                            data-ekit-toggle-trigger=\"click\"\n                            aria-describedby=\"Content-df22d6e69de74c9ceba7\">\n                                                        <span class=\"elementskit-tab-title\">M\u00e1s Informaci\u00f3n...<\/span>\n                        <\/a>\n                    <\/li>\n                                <\/ul>\n\n            <div class=\"tab-content elementkit-tab-content\">\n                                    <div class=\"tab-pane elementkit-tab-pane elementor-repeater-item-ed257c8  active show\" id=\"content-ed257c869de74c9ceba7\" role=\"tabpanel\"\n                         aria-labelledby=\"content-ed257c869de74c9ceba7-tab\">\n                        <div class=\"animated fadeIn\">\n                            <ul><li><p><strong>Atenci\u00f3n en Biblioteca:<\/strong><\/p><\/li><\/ul><p style=\"padding-left: 40px;\">Horario: De Lunes a Jueves, de 8:00 a.m. a 4:00 p.m. y los Viernes de 8:00 a 12:00 m.<\/p><ul><li><p><strong>Pr\u00e9stamos:<\/strong><\/p><\/li><\/ul><ol><li style=\"list-style-type: none;\"><ol><li><span style=\"text-decoration: underline;\">Interno<\/span>, les brinda la posibilidad de Lectura y Consulta del material bibliogr\u00e1fico y no bibliogr\u00e1fico existente en el fondo documental exclusivamente dentro de la Sala de Lectura.<\/li><li><span style=\"text-decoration: underline;\">Circulante<\/span>, les permite consultar los documentos y llev\u00e1rselos en calidad de pr\u00e9stamo, fuera del recinto del Instituto durante per\u00edodos establecidos a tal fin. Servicio limitado a estudiantes, docentes y personal adscrito a la instituci\u00f3n.<\/li><li><span style=\"text-decoration: underline;\">Interbibliotecario<\/span>, este servicio localiza en otras instituciones, art\u00edculos y monograf\u00edas que no se encuentran en nuestro fondo documental y que los usuarios necesitan consultar.<\/li><\/ol><\/li><\/ol><ul><li><p><strong>B\u00fasqueda Especializada en el \u00e1rea de la Salud<\/strong><\/p><\/li><li><p><strong>Asesor\u00edas y Formaci\u00f3n de Usuarios<\/strong><\/p><\/li><li><p><strong>Solvencia en Biblioteca <\/strong>(<span style=\"text-decoration: underline;\"><a href=\"https:\/\/iaes.edu.ve\/wp-content\/uploads\/2024\/10\/certificado_de_solvencia.pdf\" target=\"_blank\" rel=\"noopener\">Descargar planilla<\/a><\/span>)<\/p><\/li><\/ul>                        <\/div>\n                    <\/div>\n                                    <div class=\"tab-pane elementkit-tab-pane elementor-repeater-item-45a991d \" id=\"content-45a991d69de74c9ceba7\" role=\"tabpanel\"\n                         aria-labelledby=\"content-45a991d69de74c9ceba7-tab\">\n                        <div class=\"animated fadeIn\">\n                            <p><a href=\"https:\/\/cainfo.iaes.edu.ve\/\" target=\"_blank\" rel=\"noopener\"><img decoding=\"async\" class=\"alignleft wp-image-2055 size-full\" src=\"https:\/\/iaes.edu.ve\/wp-content\/uploads\/2024\/10\/Botones2-01-e1760925812461.png\" alt=\"\" width=\"170\" height=\"113\" \/><\/a>El Cat\u00e1logo en l\u00ednea es una herramienta electr\u00f3nica que permite la localizaci\u00f3n de los Materiales Bibliogr\u00e1ficos de nuestra Biblioteca, desde cualquier parte del mundo, las veinticuatro horas al d\u00eda, los siete d\u00edas de la semana. La b\u00fasqueda se puede realizar a trav\u00e9s de autor, t\u00edtulo, materia o palabras en general; actualmente est\u00e1 en proceso de actualizaci\u00f3n continua con la incorporaci\u00f3n de nuevos registros y facilidades.<\/p><hr \/><p><a href=\"https:\/\/iaes.edu.ve\/?page_id=2074\"><img decoding=\"async\" class=\"alignleft wp-image-2057 size-full\" src=\"https:\/\/iaes.edu.ve\/wp-content\/uploads\/2024\/10\/Botones2-03-e1760925924661.png\" alt=\"\" width=\"170\" height=\"113\" \/><\/a>Las bases de datos o fuentes de informaci\u00f3n de acceso abierto son aquellas a las que puedes acceder a libros, documentos, art\u00edculos, cap\u00edtulos, tesis, investigaciones y otros documentos, sin restricciones en formato electr\u00f3nico.<\/p><hr \/><p><a href=\"https:\/\/cainfo.iaes.edu.ve\/cgi-bin\/koha\/opac-shelves.pl?op=view&amp;shelfnumber=6&amp;sortfield=title\" target=\"_blank\" rel=\"noopener\"><img loading=\"lazy\" decoding=\"async\" class=\"alignleft wp-image-4011 size-full\" src=\"https:\/\/iaes.edu.ve\/wp-content\/uploads\/2025\/09\/FondoEdit-e1760926061761.png\" alt=\"\" width=\"170\" height=\"113\" \/><\/a>Es el conjunto de documentos, libros y\/o publicaciones que reposan en f\u00edsico dentro de nuestra Biblioteca.<\/p>                        <\/div>\n                    <\/div>\n                                    <div class=\"tab-pane elementkit-tab-pane elementor-repeater-item-df22d6e \" id=\"content-df22d6e69de74c9ceba7\" role=\"tabpanel\"\n                         aria-labelledby=\"content-df22d6e69de74c9ceba7-tab\">\n                        <div class=\"animated fadeIn\">\n                            <p><strong>Para solicitar m\u00e1s informaci\u00f3n escr\u00edbenos y con gusto te responderemos.<\/strong><\/p><p>\n<div class=\"wpcf7 no-js\" id=\"wpcf7-f2558-p1978-o1\" lang=\"es-VE\" dir=\"ltr\" data-wpcf7-id=\"2558\">\n<div class=\"screen-reader-response\"><p role=\"status\" aria-live=\"polite\" aria-atomic=\"true\"><\/p> <ul><\/ul><\/div>\n<form action=\"\/?page_id=1978#wpcf7-f2558-p1978-o1\" method=\"post\" class=\"wpcf7-form init\" aria-label=\"Formulario de contacto\" novalidate=\"novalidate\" data-status=\"init\">\n<fieldset class=\"hidden-fields-container\"><input type=\"hidden\" name=\"_wpcf7\" value=\"2558\" \/><input type=\"hidden\" name=\"_wpcf7_version\" value=\"6.1.5\" \/><input type=\"hidden\" name=\"_wpcf7_locale\" value=\"es_VE\" \/><input type=\"hidden\" name=\"_wpcf7_unit_tag\" value=\"wpcf7-f2558-p1978-o1\" \/><input type=\"hidden\" name=\"_wpcf7_container_post\" value=\"1978\" \/><input type=\"hidden\" name=\"_wpcf7_posted_data_hash\" value=\"\" \/><input type=\"hidden\" name=\"_wpcf7_recaptcha_response\" value=\"\" \/>\n<\/fieldset>\n<p><label> Tu nombre<br \/>\n<span class=\"wpcf7-form-control-wrap\" data-name=\"your-name\"><input size=\"40\" maxlength=\"400\" class=\"wpcf7-form-control wpcf7-text wpcf7-validates-as-required\" autocomplete=\"name\" aria-required=\"true\" aria-invalid=\"false\" value=\"\" type=\"text\" name=\"your-name\" \/><\/span> <\/label>\n<\/p>\n<p><label> Tu correo electr\u00f3nico<br \/>\n<span class=\"wpcf7-form-control-wrap\" data-name=\"your-email\"><input size=\"40\" maxlength=\"400\" class=\"wpcf7-form-control wpcf7-email wpcf7-validates-as-required wpcf7-text wpcf7-validates-as-email\" autocomplete=\"email\" aria-required=\"true\" aria-invalid=\"false\" value=\"\" type=\"email\" name=\"your-email\" \/><\/span> <\/label>\n<\/p>\n<p><label> Asunto<br \/>\n<span class=\"wpcf7-form-control-wrap\" data-name=\"your-subject\"><input size=\"40\" maxlength=\"400\" class=\"wpcf7-form-control wpcf7-text wpcf7-validates-as-required\" aria-required=\"true\" aria-invalid=\"false\" value=\"\" type=\"text\" name=\"your-subject\" \/><\/span> <\/label>\n<\/p>\n<p><label> Tu mensaje (opcional)<br \/>\n<span class=\"wpcf7-form-control-wrap\" data-name=\"your-message\"><textarea cols=\"40\" rows=\"10\" maxlength=\"2000\" class=\"wpcf7-form-control wpcf7-textarea\" aria-invalid=\"false\" name=\"your-message\"><\/textarea><\/span> <\/label>\n<\/p>\n<p><input class=\"wpcf7-form-control wpcf7-submit has-spinner\" type=\"submit\" value=\"Enviar\" \/>\n<\/p><input type='hidden' class='wpcf7-pum' value='{\"closepopup\":false,\"closedelay\":0,\"openpopup\":false,\"openpopup_id\":0}' \/><div class=\"wpcf7-response-output\" aria-hidden=\"true\"><\/div>\n<\/form>\n<\/div>\n<\/p>                        <\/div>\n                    <\/div>\n                                \n            <\/div>\n                                <script type=\"application\/ld+json\">{\"@context\":\"https:\/\/schema.org\",\"@type\":\"FAQPage\",\"mainEntity\":[{\"@type\":\"Question\",\"name\":\"Servicios Biliotecarios\",\"acceptedAnswer\":{\"@type\":\"Answer\",\"text\":\"<ul><li><p><strong>Atenci\u00f3n en Biblioteca:<\/strong><\/p><\/li><\/ul><p>Horario: De Lunes a Jueves, de 8:00 a.m. a 4:00 p.m. y los Viernes de 8:00 a 12:00 m.<\/p><ul><li><p><strong>Pr\u00e9stamos:<\/strong><\/p><\/li><\/ul><ol><li><ol><li><span style=\\\"text-decoration: underline\\\">Interno<\/span>, les brinda la posibilidad de Lectura y Consulta del material bibliogr\u00e1fico y no bibliogr\u00e1fico existente en el fondo documental exclusivamente dentro de la Sala de Lectura.<\/li><li><span style=\\\"text-decoration: underline\\\">Circulante<\/span>, les permite consultar los documentos y llev\u00e1rselos en calidad de pr\u00e9stamo, fuera del recinto del Instituto durante per\u00edodos establecidos a tal fin. Servicio limitado a estudiantes, docentes y personal adscrito a la instituci\u00f3n.<\/li><li><span style=\\\"text-decoration: underline\\\">Interbibliotecario<\/span>, este servicio localiza en otras instituciones, art\u00edculos y monograf\u00edas que no se encuentran en nuestro fondo documental y que los usuarios necesitan consultar.<\/li><\/ol><\/li><\/ol><ul><li><p><strong>B\u00fasqueda Especializada en el \u00e1rea de la Salud<\/strong><\/p><\/li><li><p><strong>Asesor\u00edas y Formaci\u00f3n de Usuarios<\/strong><\/p><\/li><li><p><strong>Solvencia en Biblioteca <\/strong>(<span style=\\\"text-decoration: underline\\\"><a href=\\\"https:\/\/iaes.edu.ve\/wp-content\/uploads\/2024\/10\/certificado_de_solvencia.pdf\\\" target=\\\"_blank\\\" rel=\\\"noopener\\\">Descargar planilla<\/a><\/span>)<\/p><\/li><\/ul>\"}},{\"@type\":\"Question\",\"name\":\"Recursos Digitales\",\"acceptedAnswer\":{\"@type\":\"Answer\",\"text\":\"<p><a href=\\\"https:\/\/cainfo.iaes.edu.ve\/\\\" target=\\\"_blank\\\" rel=\\\"noopener\\\"><img class=\\\"alignleft wp-image-2055 size-full\\\" src=\\\"https:\/\/iaes.edu.ve\/wp-content\/uploads\/2024\/10\/Botones2-01-e1760925812461.png\\\" alt=\\\"\\\" width=\\\"170\\\" height=\\\"113\\\" \/><\/a>El Cat\u00e1logo en l\u00ednea es una herramienta electr\u00f3nica que permite la localizaci\u00f3n de los Materiales Bibliogr\u00e1ficos de nuestra Biblioteca, desde cualquier parte del mundo, las veinticuatro horas al d\u00eda, los siete d\u00edas de la semana. La b\u00fasqueda se puede realizar a trav\u00e9s de autor, t\u00edtulo, materia o palabras en general; actualmente est\u00e1 en proceso de actualizaci\u00f3n continua con la incorporaci\u00f3n de nuevos registros y facilidades.<\/p><p><a href=\\\"https:\/\/iaes.edu.ve\/?page_id=2074\\\"><img class=\\\"alignleft wp-image-2057 size-full\\\" src=\\\"https:\/\/iaes.edu.ve\/wp-content\/uploads\/2024\/10\/Botones2-03-e1760925924661.png\\\" alt=\\\"\\\" width=\\\"170\\\" height=\\\"113\\\" \/><\/a>Las bases de datos o fuentes de informaci\u00f3n de acceso abierto son aquellas a las que puedes acceder a libros, documentos, art\u00edculos, cap\u00edtulos, tesis, investigaciones y otros documentos, sin restricciones en formato electr\u00f3nico.<\/p><p><a href=\\\"https:\/\/cainfo.iaes.edu.ve\/cgi-bin\/koha\/opac-shelves.pl?op=view&amp;shelfnumber=6&amp;sortfield=title\\\" target=\\\"_blank\\\" rel=\\\"noopener\\\"><img class=\\\"alignleft wp-image-4011 size-full\\\" src=\\\"https:\/\/iaes.edu.ve\/wp-content\/uploads\/2025\/09\/FondoEdit-e1760926061761.png\\\" alt=\\\"\\\" width=\\\"170\\\" height=\\\"113\\\" \/><\/a>Es el conjunto de documentos, libros y\/o publicaciones que reposan en f\u00edsico dentro de nuestra Biblioteca.<\/p>\"}},{\"@type\":\"Question\",\"name\":\"M\u00e1s Informaci\u00f3n...\",\"acceptedAnswer\":{\"@type\":\"Answer\",\"text\":\"<p><strong>Para solicitar m\u00e1s informaci\u00f3n escr\u00edbenos y con gusto te responderemos.<\/strong><\/p><p><p class=\"wpcf7-contact-form-not-found\"><strong>Error:<\/strong> Formulario de contacto no encontrado.<\/p><\/p>\"}}]}<\/script>\n                            <\/div>\n    <\/div>\t\t\t\t<\/div>\n\t\t\t\t<\/div>\n\t\t\t\t\t<\/div>\n\t\t\t\t<\/div>\n\t\t\t\t<\/div>\n\t\t<p>Views: 2020<\/p>","protected":false},"excerpt":{"rendered":"<p>Es un espacio cuyo prop\u00f3sito es facilitar y garantizar a los diferentes usuarios y usuarias el acceso al fondo documental (en f\u00edsico y digital) de la Instituci\u00f3n que les permita cumplir con sus objetivos de estudio, docencia, investigaci\u00f3n y gesti\u00f3n eficaz. Horario: De lunes a viernes de 8:00 a.m. a 12:00 m. y de 1:00 [&hellip;]<\/p>\n","protected":false},"author":1,"featured_media":0,"parent":0,"menu_order":0,"comment_status":"closed","ping_status":"closed","template":"","meta":{"inline_featured_image":false,"footnotes":""},"class_list":["post-1978","page","type-page","status-publish","hentry"],"yoast_head":"<!-- This site is optimized with the Yoast SEO plugin v27.3 - https:\/\/yoast.com\/product\/yoast-seo-wordpress\/ -->\n<title>Biblioteca Digital IAE - iaes<\/title>\n<meta name=\"description\" content=\"MPPS, IAE, Arnoldo Gabaldon, Biblioteca, Informaci\u00f3n, Salud P\u00fablica, Epidemiolog\u00eda, Salud Ocupacional, Metax\u00e9nicas, B\u00fasqueda Especializada\" \/>\n<meta name=\"robots\" content=\"index, follow, max-snippet:-1, max-image-preview:large, max-video-preview:-1\" \/>\n<link rel=\"canonical\" href=\"https:\/\/iaes.edu.ve\/?page_id=1978\" \/>\n<meta property=\"og:locale\" content=\"es_ES\" \/>\n<meta property=\"og:type\" content=\"article\" \/>\n<meta property=\"og:title\" content=\"Biblioteca Digital IAE - iaes\" \/>\n<meta property=\"og:description\" content=\"MPPS, IAE, Arnoldo Gabaldon, Biblioteca, Informaci\u00f3n, Salud P\u00fablica, Epidemiolog\u00eda, Salud Ocupacional, Metax\u00e9nicas, B\u00fasqueda Especializada\" \/>\n<meta property=\"og:url\" content=\"https:\/\/iaes.edu.ve\/?page_id=1978\" \/>\n<meta property=\"og:site_name\" content=\"iaes\" \/>\n<meta property=\"article:publisher\" content=\"https:\/\/www.facebook.com\/IAEGabaldonOficial\" \/>\n<meta property=\"article:modified_time\" content=\"2025-10-23T14:10:01+00:00\" \/>\n<meta property=\"og:image\" content=\"https:\/\/iaes.edu.ve\/wp-content\/uploads\/2024\/10\/biblioteca.jpg\" \/>\n\t<meta property=\"og:image:width\" content=\"1200\" \/>\n\t<meta property=\"og:image:height\" content=\"904\" \/>\n\t<meta property=\"og:image:type\" content=\"image\/jpeg\" \/>\n<meta name=\"twitter:card\" content=\"summary_large_image\" \/>\n<meta name=\"twitter:site\" content=\"@iaegabaldon\" \/>\n<meta name=\"twitter:label1\" content=\"Tiempo estimado de lectura\" \/>\n\t<meta name=\"twitter:data1\" content=\"3 minutos\" \/>\n<script type=\"application\/ld+json\" class=\"yoast-schema-graph\">{\"@context\":\"https:\\\/\\\/schema.org\",\"@graph\":[{\"@type\":\"WebPage\",\"@id\":\"https:\\\/\\\/iaes.edu.ve\\\/?page_id=1978\",\"url\":\"https:\\\/\\\/iaes.edu.ve\\\/?page_id=1978\",\"name\":\"Biblioteca Digital IAE - iaes\",\"isPartOf\":{\"@id\":\"https:\\\/\\\/iaes.edu.ve\\\/#website\"},\"primaryImageOfPage\":{\"@id\":\"https:\\\/\\\/iaes.edu.ve\\\/?page_id=1978#primaryimage\"},\"image\":{\"@id\":\"https:\\\/\\\/iaes.edu.ve\\\/?page_id=1978#primaryimage\"},\"thumbnailUrl\":\"https:\\\/\\\/iaes.edu.ve\\\/wp-content\\\/uploads\\\/2024\\\/10\\\/biblioteca.jpg\",\"datePublished\":\"2024-10-25T15:31:08+00:00\",\"dateModified\":\"2025-10-23T14:10:01+00:00\",\"description\":\"MPPS, IAE, Arnoldo Gabaldon, Biblioteca, Informaci\u00f3n, Salud P\u00fablica, Epidemiolog\u00eda, Salud Ocupacional, Metax\u00e9nicas, B\u00fasqueda Especializada\",\"breadcrumb\":{\"@id\":\"https:\\\/\\\/iaes.edu.ve\\\/?page_id=1978#breadcrumb\"},\"inLanguage\":\"es\",\"potentialAction\":[{\"@type\":\"ReadAction\",\"target\":[\"https:\\\/\\\/iaes.edu.ve\\\/?page_id=1978\"]}]},{\"@type\":\"ImageObject\",\"inLanguage\":\"es\",\"@id\":\"https:\\\/\\\/iaes.edu.ve\\\/?page_id=1978#primaryimage\",\"url\":\"https:\\\/\\\/iaes.edu.ve\\\/wp-content\\\/uploads\\\/2024\\\/10\\\/biblioteca.jpg\",\"contentUrl\":\"https:\\\/\\\/iaes.edu.ve\\\/wp-content\\\/uploads\\\/2024\\\/10\\\/biblioteca.jpg\"},{\"@type\":\"BreadcrumbList\",\"@id\":\"https:\\\/\\\/iaes.edu.ve\\\/?page_id=1978#breadcrumb\",\"itemListElement\":[{\"@type\":\"ListItem\",\"position\":1,\"name\":\"Portada\",\"item\":\"https:\\\/\\\/iaes.edu.ve\\\/\"},{\"@type\":\"ListItem\",\"position\":2,\"name\":\"Biblioteca Digital IAE\"}]},{\"@type\":\"WebSite\",\"@id\":\"https:\\\/\\\/iaes.edu.ve\\\/#website\",\"url\":\"https:\\\/\\\/iaes.edu.ve\\\/\",\"name\":\"iaes\",\"description\":\"Formando al talento humano del Sistema P\u00fablico Nacional de Salud\",\"publisher\":{\"@id\":\"https:\\\/\\\/iaes.edu.ve\\\/#organization\"},\"potentialAction\":[{\"@type\":\"SearchAction\",\"target\":{\"@type\":\"EntryPoint\",\"urlTemplate\":\"https:\\\/\\\/iaes.edu.ve\\\/?s={search_term_string}\"},\"query-input\":{\"@type\":\"PropertyValueSpecification\",\"valueRequired\":true,\"valueName\":\"search_term_string\"}}],\"inLanguage\":\"es\"},{\"@type\":\"Organization\",\"@id\":\"https:\\\/\\\/iaes.edu.ve\\\/#organization\",\"name\":\"Servicio Aut\u00f3nomo Instituto de Altos Estudios Dr. Arnoldo Gabaldon\",\"alternateName\":\"IAE Dr. Arnoldo Gabaldon\",\"url\":\"https:\\\/\\\/iaes.edu.ve\\\/\",\"logo\":{\"@type\":\"ImageObject\",\"inLanguage\":\"es\",\"@id\":\"https:\\\/\\\/iaes.edu.ve\\\/#\\\/schema\\\/logo\\\/image\\\/\",\"url\":\"https:\\\/\\\/iaes.edu.ve\\\/wp-content\\\/uploads\\\/2024\\\/05\\\/logo-iae-hor.png\",\"contentUrl\":\"https:\\\/\\\/iaes.edu.ve\\\/wp-content\\\/uploads\\\/2024\\\/05\\\/logo-iae-hor.png\",\"width\":512,\"height\":170,\"caption\":\"Servicio Aut\u00f3nomo Instituto de Altos Estudios Dr. Arnoldo Gabaldon\"},\"image\":{\"@id\":\"https:\\\/\\\/iaes.edu.ve\\\/#\\\/schema\\\/logo\\\/image\\\/\"},\"sameAs\":[\"https:\\\/\\\/www.facebook.com\\\/IAEGabaldonOficial\",\"https:\\\/\\\/x.com\\\/iaegabaldon\",\"https:\\\/\\\/www.instagram.com\\\/iaegabaldon_oficial\\\/\",\"https:\\\/\\\/www.youtube.com\\\/@iaesgabaldon\"]}]}<\/script>\n<!-- \/ Yoast SEO plugin. -->","yoast_head_json":{"title":"Biblioteca Digital IAE - iaes","description":"MPPS, IAE, Arnoldo Gabaldon, Biblioteca, Informaci\u00f3n, Salud P\u00fablica, Epidemiolog\u00eda, Salud Ocupacional, Metax\u00e9nicas, B\u00fasqueda Especializada","robots":{"index":"index","follow":"follow","max-snippet":"max-snippet:-1","max-image-preview":"max-image-preview:large","max-video-preview":"max-video-preview:-1"},"canonical":"https:\/\/iaes.edu.ve\/?page_id=1978","og_locale":"es_ES","og_type":"article","og_title":"Biblioteca Digital IAE - iaes","og_description":"MPPS, IAE, Arnoldo Gabaldon, Biblioteca, Informaci\u00f3n, Salud P\u00fablica, Epidemiolog\u00eda, Salud Ocupacional, Metax\u00e9nicas, B\u00fasqueda Especializada","og_url":"https:\/\/iaes.edu.ve\/?page_id=1978","og_site_name":"iaes","article_publisher":"https:\/\/www.facebook.com\/IAEGabaldonOficial","article_modified_time":"2025-10-23T14:10:01+00:00","og_image":[{"width":1200,"height":904,"url":"https:\/\/iaes.edu.ve\/wp-content\/uploads\/2024\/10\/biblioteca.jpg","type":"image\/jpeg"}],"twitter_card":"summary_large_image","twitter_site":"@iaegabaldon","twitter_misc":{"Tiempo estimado de lectura":"3 minutos"},"schema":{"@context":"https:\/\/schema.org","@graph":[{"@type":"WebPage","@id":"https:\/\/iaes.edu.ve\/?page_id=1978","url":"https:\/\/iaes.edu.ve\/?page_id=1978","name":"Biblioteca Digital IAE - iaes","isPartOf":{"@id":"https:\/\/iaes.edu.ve\/#website"},"primaryImageOfPage":{"@id":"https:\/\/iaes.edu.ve\/?page_id=1978#primaryimage"},"image":{"@id":"https:\/\/iaes.edu.ve\/?page_id=1978#primaryimage"},"thumbnailUrl":"https:\/\/iaes.edu.ve\/wp-content\/uploads\/2024\/10\/biblioteca.jpg","datePublished":"2024-10-25T15:31:08+00:00","dateModified":"2025-10-23T14:10:01+00:00","description":"MPPS, IAE, Arnoldo Gabaldon, Biblioteca, Informaci\u00f3n, Salud P\u00fablica, Epidemiolog\u00eda, Salud Ocupacional, Metax\u00e9nicas, B\u00fasqueda Especializada","breadcrumb":{"@id":"https:\/\/iaes.edu.ve\/?page_id=1978#breadcrumb"},"inLanguage":"es","potentialAction":[{"@type":"ReadAction","target":["https:\/\/iaes.edu.ve\/?page_id=1978"]}]},{"@type":"ImageObject","inLanguage":"es","@id":"https:\/\/iaes.edu.ve\/?page_id=1978#primaryimage","url":"https:\/\/iaes.edu.ve\/wp-content\/uploads\/2024\/10\/biblioteca.jpg","contentUrl":"https:\/\/iaes.edu.ve\/wp-content\/uploads\/2024\/10\/biblioteca.jpg"},{"@type":"BreadcrumbList","@id":"https:\/\/iaes.edu.ve\/?page_id=1978#breadcrumb","itemListElement":[{"@type":"ListItem","position":1,"name":"Portada","item":"https:\/\/iaes.edu.ve\/"},{"@type":"ListItem","position":2,"name":"Biblioteca Digital IAE"}]},{"@type":"WebSite","@id":"https:\/\/iaes.edu.ve\/#website","url":"https:\/\/iaes.edu.ve\/","name":"iaes","description":"Formando al talento humano del Sistema P\u00fablico Nacional de Salud","publisher":{"@id":"https:\/\/iaes.edu.ve\/#organization"},"potentialAction":[{"@type":"SearchAction","target":{"@type":"EntryPoint","urlTemplate":"https:\/\/iaes.edu.ve\/?s={search_term_string}"},"query-input":{"@type":"PropertyValueSpecification","valueRequired":true,"valueName":"search_term_string"}}],"inLanguage":"es"},{"@type":"Organization","@id":"https:\/\/iaes.edu.ve\/#organization","name":"Servicio Aut\u00f3nomo Instituto de Altos Estudios Dr. Arnoldo Gabaldon","alternateName":"IAE Dr. Arnoldo Gabaldon","url":"https:\/\/iaes.edu.ve\/","logo":{"@type":"ImageObject","inLanguage":"es","@id":"https:\/\/iaes.edu.ve\/#\/schema\/logo\/image\/","url":"https:\/\/iaes.edu.ve\/wp-content\/uploads\/2024\/05\/logo-iae-hor.png","contentUrl":"https:\/\/iaes.edu.ve\/wp-content\/uploads\/2024\/05\/logo-iae-hor.png","width":512,"height":170,"caption":"Servicio Aut\u00f3nomo Instituto de Altos Estudios Dr. Arnoldo Gabaldon"},"image":{"@id":"https:\/\/iaes.edu.ve\/#\/schema\/logo\/image\/"},"sameAs":["https:\/\/www.facebook.com\/IAEGabaldonOficial","https:\/\/x.com\/iaegabaldon","https:\/\/www.instagram.com\/iaegabaldon_oficial\/","https:\/\/www.youtube.com\/@iaesgabaldon"]}]}},"_links":{"self":[{"href":"https:\/\/iaes.edu.ve\/index.php?rest_route=\/wp\/v2\/pages\/1978","targetHints":{"allow":["GET"]}}],"collection":[{"href":"https:\/\/iaes.edu.ve\/index.php?rest_route=\/wp\/v2\/pages"}],"about":[{"href":"https:\/\/iaes.edu.ve\/index.php?rest_route=\/wp\/v2\/types\/page"}],"author":[{"embeddable":true,"href":"https:\/\/iaes.edu.ve\/index.php?rest_route=\/wp\/v2\/users\/1"}],"replies":[{"embeddable":true,"href":"https:\/\/iaes.edu.ve\/index.php?rest_route=%2Fwp%2Fv2%2Fcomments&post=1978"}],"version-history":[{"count":121,"href":"https:\/\/iaes.edu.ve\/index.php?rest_route=\/wp\/v2\/pages\/1978\/revisions"}],"predecessor-version":[{"id":4261,"href":"https:\/\/iaes.edu.ve\/index.php?rest_route=\/wp\/v2\/pages\/1978\/revisions\/4261"}],"wp:attachment":[{"href":"https:\/\/iaes.edu.ve\/index.php?rest_route=%2Fwp%2Fv2%2Fmedia&parent=1978"}],"curies":[{"name":"wp","href":"https:\/\/api.w.org\/{rel}","templated":true}]}}