{"id":920,"date":"2024-09-27T11:13:59","date_gmt":"2024-09-27T15:13:59","guid":{"rendered":"http:\/\/200.11.228.221\/?page_id=920"},"modified":"2026-02-26T11:46:19","modified_gmt":"2026-02-26T15:46:19","slug":"estructura-organizativa","status":"publish","type":"page","link":"https:\/\/iaes.edu.ve\/?page_id=920","title":{"rendered":"Estructura Organizativa"},"content":{"rendered":"\t\t<div data-elementor-type=\"wp-page\" data-elementor-id=\"920\" class=\"elementor elementor-920\">\n\t\t\t\t<div class=\"elementor-element elementor-element-cd1d7df e-flex e-con-boxed e-con e-parent\" data-id=\"cd1d7df\" data-element_type=\"container\" data-e-type=\"container\">\n\t\t\t\t\t<div class=\"e-con-inner\">\n\t\t\t\t<div class=\"elementor-element elementor-element-3ff7e40 elementor-widget elementor-widget-image\" data-id=\"3ff7e40\" data-element_type=\"widget\" data-e-type=\"widget\" data-widget_type=\"image.default\">\n\t\t\t\t<div class=\"elementor-widget-container\">\n\t\t\t\t\t\t\t\t\t\t\t\t\t\t\t<img fetchpriority=\"high\" decoding=\"async\" width=\"640\" height=\"494\" src=\"https:\/\/iaes.edu.ve\/wp-content\/uploads\/2026\/02\/Est-IAE-2024.jpg\" class=\"attachment-large size-large wp-image-5340\" alt=\"\" srcset=\"https:\/\/iaes.edu.ve\/wp-content\/uploads\/2026\/02\/Est-IAE-2024.jpg 1024w, https:\/\/iaes.edu.ve\/wp-content\/uploads\/2026\/02\/Est-IAE-2024-300x232.jpg 300w, https:\/\/iaes.edu.ve\/wp-content\/uploads\/2026\/02\/Est-IAE-2024-768x593.jpg 768w\" sizes=\"(max-width: 640px) 100vw, 640px\" \/>\t\t\t\t\t\t\t\t\t\t\t\t\t\t\t<\/div>\n\t\t\t\t<\/div>\n\t\t\t\t\t<\/div>\n\t\t\t\t<\/div>\n\t\t<div class=\"elementor-element elementor-element-7154e5d e-flex e-con-boxed e-con e-parent\" data-id=\"7154e5d\" data-element_type=\"container\" data-e-type=\"container\">\n\t\t\t\t\t<div class=\"e-con-inner\">\n\t\t\t\t<div class=\"elementor-element elementor-element-4686cea elementor-widget elementor-widget-heading\" data-id=\"4686cea\" data-element_type=\"widget\" data-e-type=\"widget\" data-widget_type=\"heading.default\">\n\t\t\t\t<div class=\"elementor-widget-container\">\n\t\t\t\t\t<h3 class=\"elementor-heading-title elementor-size-default\">Instancias para la Toma de Decisiones en el Instituto<\/h3>\t\t\t\t<\/div>\n\t\t\t\t<\/div>\n\t\t\t\t\t<\/div>\n\t\t\t\t<\/div>\n\t\t<div class=\"elementor-element elementor-element-f2194f6 e-flex e-con-boxed e-con e-parent\" data-id=\"f2194f6\" data-element_type=\"container\" data-e-type=\"container\">\n\t\t\t\t\t<div class=\"e-con-inner\">\n\t\t\t\t<div class=\"elementor-element elementor-element-1ab1bdb elementor-widget elementor-widget-text-editor\" data-id=\"1ab1bdb\" data-element_type=\"widget\" data-e-type=\"widget\" data-widget_type=\"text-editor.default\">\n\t\t\t\t<div class=\"elementor-widget-container\">\n\t\t\t\t\t\t\t\t\t<p><span style=\"color: #000000;\">Seg\u00fan el Reglamento Interno del <strong>Servicio Aut\u00f3nomo Instituto de Altos Estudios \u00abDr. Arnoldo Gabaldon\u00bb<\/strong>, aprobado y publicado en <a href=\"https:\/\/iaes.edu.ve\/wp-content\/uploads\/2024\/09\/02_go37366-12012002.pdf\">Gaceta Oficial N\u00b0 37.366<\/a>, bajo el Decreto N\u00b0 1.614, de fecha 17-01-2002, luego reformado y publicado en <a href=\"https:\/\/iaes.edu.ve\/wp-content\/uploads\/2024\/09\/04_go38032-28092004.pdf\">Gaceta Oficial N\u00b0 38.032<\/a>, de fecha 28-09-2004, las instancias para toma de decisiones, seg\u00fan sea el caso, son las siguientes:<\/span><\/p>\n<p><span style=\"color: #000000;\"><b>CAPITULO II. CONSEJO DIRECTIVO<\/b><\/span><br><span style=\"color: #000000;\"><u>Art\u00edculo 5\u00ba<\/u>. El Consejo Directivo es la <b>m\u00e1xima autoridad <\/b>del Servicio Aut\u00f3nomo Instituto de Altos Estudios \u00abDr. Amoldo Gabaldon\u00bb y tendr\u00e1 las siguientes funciones:<\/span><br><span style=\"color: #000000;\">a. Definir las pol\u00edticas del Instituto en los campos de formaci\u00f3n de Postgrado, Investigaci\u00f3n, Desarrollo Profesional y Cooperaci\u00f3n y Asesor\u00eda en el marco de las necesidades en salud y desarrollo social y de las pol\u00edticas p\u00fablicas dictadas por el Ministerio de Salud y Desarrollo Social.<\/span><br><span style=\"color: #000000;\">b. Formular las l\u00edneas estrat\u00e9gicas del plan de desarrollo del Instituto y de los planes operativos anuales en concordancia con su marco estrat\u00e9gico, con el prop\u00f3sito de mantener su pertinencia social.<\/span><br><span style=\"color: #000000;\">c. Analizar y aprobar los planes de desarrollo, los planes operativos y la programaci\u00f3n presupuestaria anual que le sean presentados por la Direcci\u00f3n Ejecutiva.<\/span><br><span style=\"color: #000000;\">d. Realizar la evaluaci\u00f3n y control de gesti\u00f3n de la Direcci\u00f3n Ejecutiva del Instituto.<\/span><br><span style=\"color: #000000;\">e. Establecer los lineamientos para el seguimiento y evaluaci\u00f3n del desarrollo de los planes de trabajo, as\u00ed como el desempe\u00f1o del Instituto y sus recursos humanos, a fin de tomar las decisiones y de dar las recomendaciones que sean necesarias.<\/span><br><span style=\"color: #000000;\">f. Conocer los dem\u00e1s asuntos que le sean sometidos por el (la) Director (a) Ejecutivo (a).<\/span><br><span style=\"color: #000000;\">g. Seleccionar y nombrar a los (las) Directores (as) de Gesti\u00f3n.<\/span><\/p>\n<p><span style=\"color: #000000;\"><u>Art\u00edculo 6\u00b0<\/u>. El Consejo Directivo estar\u00e1 integrado por ocho (8) miembros principales, cada uno tendr\u00e1 su respectivo suplente:<\/span><br><span style=\"color: #000000;\">a. El (la) Director (a) Ejecutivo (a) del Servicio Aut\u00f3nomo Instituto de Altos Estudios \u00abDr. Amoldo Gabaldon\u00bb, quien lo presidir\u00e1<\/span><br><span style=\"color: #000000;\">b. El (la)Viceminlstro (a) de Salud.<\/span><br><span style=\"color: #000000;\">c. El (la) Director (a) de Investigaci\u00f3n y Educaci\u00f3n del Ministerio de Salud y Desarrollo Social.<\/span><br><span style=\"color: #000000;\">d. El (la) Director (a) de Gesti\u00f3n Acad\u00e9mica del Servicio Aut\u00f3nomo Instituto de Altos Estudios \u00abDr. Amoldo Gabaldon\u00bb.<\/span><br><span style=\"color: #000000;\">e. El (la) Director (a) de Gesti\u00f3n de Informaci\u00f3n del Servicio Aut\u00f3nomo Instituto de Altos Estudios \u00abDr. Amoldo Gabaldon\u00bb.<\/span><br><span style=\"color: #000000;\">f. Un representante de los estudiantes.<\/span><br><span style=\"color: #000000;\">g. Un representante de los docentes.<\/span><br><span style=\"color: #000000;\">h. Un representante de los trabajadores.<\/span><\/p>\n<p><span style=\"color: #000000;\"><u>Art\u00edculo 7\u00ba<\/u>. Las faltas temporales de cualquiera de los miembros principales ser\u00e1n cubiertas por sus respectivos suplentes, a excepci\u00f3n del (la) Director (a} Ejecutivo (a), cuyas faltas ser\u00e1n cubiertas por aquel miembro principal del Directorio que al efecto designe el (la) Ministro (a) de Salud y Desarrollo Social.<\/span><\/p>\n<p><span style=\"color: #000000;\"><u>Articulo 8\u00b0<\/u>. El suplente del (la) Viceministro (a) de alud sera el (la) Viceministro (a) de Desarrollo Social. El del (la) Director (a) de Investigaci\u00f3n y Educaci\u00f3n del Ministerio de Salud y Desarrollo Social ser\u00e1 aquel que de mutuo acuerdo sea designado por ol (la) Director (a) de Educaci\u00f3n e Investigaci\u00f3n y el (la) Ministro (a) de Salud y Desarrollo Social. El del (la) Director (a) de Gesti\u00f3n de Informaci\u00f3n ser\u00e1 el (la) Director (a) de Gesti\u00f3n Tecnol\u00f3gica. El del (la) Director (a) de Gesti\u00f3n Acad\u00e9mica podr\u00e1 ser uno (a) de los (as) Coordinadores (as) Academicos (as) que a tales efectos designen de manera concertada el (la) Director (a) de Gesti\u00f3n Acad\u00e9mica y el (la) Director (a) Ejecutivo (a).<\/span><\/p>\n<p><span style=\"color: #000000;\"><u>Art\u00edculo 9\u00b0<\/u>. Los miembros principales y suplentes que representar\u00e1n a los estudiantes en el Consejo Directivo ser\u00e1n los que resulten electos en Asamblea conformada por los estudiantes que est\u00e9n inscritos en la Oficina de Control de Estudios y cursando alguno de los programas de formaci\u00f3n de Postgrado en el Instituto. Los miembros electos durar\u00e1n un m\u00e1ximo de un (1) a\u00f1o en el ejercicio de sus funciones.<\/span><\/p>\n<p><span style=\"color: #000000;\"><u>Articulo 10\u00b0<\/u>. Los miembros principales y suplentes que representar\u00e1n a los trabajadores en el Consejo Directivo ser\u00e1n los que resulten electos en Asamblea conformada por los empeados y obreros del Instituto. Los miembros electos durar\u00e1n un m\u00e1ximo de dos (2) a\u00f1os en el ejercicio de sus funciones.<\/span><\/p>\n<p><span style=\"color: #000000;\"><u>Art\u00edculo 11\u00ba<\/u>. Los miembros principales y suplentes que representar\u00e1n a los docentes-investigadores en el Consejo Directivo, ser\u00e1n los que resulten electos en Asamblea conformada por los docentes-investigadores que laboran a tiempo completo en la instituci\u00f3n. Los miembros electos durar\u00e1n un m\u00e1ximo dos (2) a\u00f1os en sus funciones y podr\u00e1n ser reelectos para un nuevo per\u00edodo.<\/span><\/p>\n<p><span style=\"color: #000000;\"><u>Art\u00edculo 12\u00ba<\/u>. Los Miembros del Consejo Directivo no percibir\u00e1n remuneraci\u00f3n alguna con ocasi\u00f3n del ejercicio de sus funciones como tales.<\/span><\/p>\n<p><span style=\"color: #000000;\"><u>Art\u00edculo 13\u00ba<\/u>. El Consejo Directivo se reunir\u00e1 ordinariamente dos (2) veces al mes y con car\u00e1cter extraordinario cuando sea convocado por el (la) Ministro (a) de Salud y Desarrollo Social, el (la) Director (a) Ejecutivo (a) o por las dos terceras partes de los Miembros del Consejo.<\/span><\/p>\n<p><span style=\"color: #000000;\"><u>Art\u00edculo 14\u00ba<\/u>. El Consejo Directivo deber\u00e1 sesionar con un qu\u00f3rum m\u00ednimo de cinco (5) de sus miembros.<\/span><\/p>\n<p><span style=\"color: #000000;\"><u>Art\u00edculo 15\u00ba<\/u>. Las decisiones del Consejo Directivo se tomar\u00e1n con la mitad de los votos favorables m\u00e1s uno, cuando haya paridad e (la) Director (a) Ejecutivo (a) tendr\u00e1 doble voto. En caso de que las sesiones sean con el qu\u00f3rum m\u00ednimo, las decisiones se tomar\u00e1n con el voto favorable de tres (3) de los miembros asistentes.<\/span><\/p>\n<p><span style=\"color: #000000;\"><u>Art\u00edculo 16\u00ba<\/u>. La convocatoria de los miembros del Consejo Directivo deber\u00e1 realizarse por lo menos con cuarenta y ocho (48 horas de antelaci\u00f3n, salvo los casos de urgencia, en los cuales el Directorio podr\u00e1 constituirse dos (2) horas despu\u00e9s de efectuada la convocatoria. El orden del d\u00eda deber\u00e1 ser indicado en la convocatoria.<\/span><\/p>\n<p><span style=\"color: #000000;\"><u>Articulo 17\u00ba<\/u>. De cada sesi\u00f3n del Consejo Directivo se levantar\u00e1 un acta, la cual ser\u00e1 firmada por los miembros presentes y en ellas se har\u00e1 constar las discusiones habidas, las resoluciones tomadas y los votos salvados, si los hubiere.<\/span><\/p>\n<p><span style=\"color: #000000;\"><u>Art\u00edculo 18\u00ba<\/u>. Los miembros del Consejo Directivo y los funcionarios del Servicio Aut\u00f3nomo Instituto de Altos Estudios \u00abDr. Amoldo Gabaldon\u00bb, no podr\u00e1n ni por si, ni en representaci\u00f3n de otras personas, celebrar contratos de ninguna naturaleza con el Instituto.<\/span><\/p>\n<p><span style=\"color: #000000;\"><u>Articulo 19\u00ba<\/u>. El Consejo Directivo contar\u00e1 con una Secretar\u00eda Ejecutiva, cuyas funciones ser\u00e1n ejercidas por el (a) Director (a) Ejecutivo (a) del Instituto.<\/span><\/p>\n<p><span style=\"color: #000000;\"><u>Articulo 20\u00ba<\/u>. Corresponde al (la) Secretario (a) Ejecutivo (a) del Consejo Directivo las siguientes funciones:<\/span><br><span style=\"color: #000000;\">a. Realizar las convocatorias para las Sesiones del Consejo Directivo.<\/span><br><span style=\"color: #000000;\">b. Asistir a las reuniones del Consejo Directivo.<\/span><br><span style=\"color: #000000;\">c. Elaborar el Acta de cada sesi\u00f3n del Consejo Directivo.<\/span><br><span style=\"color: #000000;\">d. Elaborar las correspondencias, informes y dem\u00e1s documentos relativos al Consejo Directivo.<\/span><br><span style=\"color: #000000;\">e. Dar seguimiento a las decisiones tomadas por el Consejo Directivo.<\/span><br><span style=\"color: #000000;\">f. Las dem\u00e1s que le sean asignadas por el Consejo Directivo.<\/span><\/p>\n<p><span style=\"color: #000000;\"><b>CAPITULO VII. DE LA INSTANCIA T\u00c9CNICO ADMINISTRATIVA<\/b><\/span><br><span style=\"color: #000000;\"><u>Art\u00edculo 48\u00ba<\/u>. La Instancia T\u00e9cnico Administrativa ser\u00e1 un espacio de coordinaci\u00f3n y decisi\u00f3n entre las diferentes \u00e1reas de la Instituci\u00f3n. Estar\u00e1 conformada por el Director Ejecutivo, quien la presidir\u00e1, y los Directores de Gesti\u00f3n Acad\u00e9mica, de Informaci\u00f3n, Administrativa y Tecnol\u00f3gica.<\/span><\/p>\n<p><span style=\"color: #000000;\"><u>Art\u00edculo 49\u00ba<\/u>. Son funciones de la Instancia T\u00e9cnico Administrativa desarrollar y presentar propuestas a ser sometidas en el Consejo Directivo, en las diferentes \u00e1reas del Instituto, y ejecutar y hacer seguimiento a las decisiones del Consejo Directivo y de la Direcci\u00f3n Ejecutiva.<\/span><\/p>\n<p><span style=\"color: #000000;\"><b>CAPITULO VIII. DEL CONSEJO ACAD\u00c9MICO<\/b><\/span><br><span style=\"color: #000000;\"><u>Art\u00edculo 50\u00ba<\/u>. El Consejo Acad\u00e9mico ser\u00e1 un espacio de coordinaci\u00f3n y decisi\u00f3n de los aspectos acad\u00e9micos entre la Direcci\u00f3n de Gesti\u00f3n Acad\u00e9mica y las cuatro coordinaciones acad\u00e9micas del Instituto. Estar\u00e1 conformado por el (la) Director (a) de Gesti\u00f3n Acad\u00e9mica, quien lo presidir\u00e1, y los (as) Coordinadores (as) de Postgrado, Investigaci\u00f3n, Desarrollo Profesional y Asesor\u00eda y Cooperaci\u00f3n T\u00e9cnica.<\/span><\/p>\n<p><span style=\"color: #000000;\"><u>Articulo 51\u00ba<\/u>. Son funciones del Consejo Acad\u00e9mico las siguientes: <\/span><br><span style=\"color: #000000;\">a. Concertar el plan de desarrollo de los programas de Postgrado, Investigaci\u00f3n, Desarrollo Profesional y Asesor\u00eda del Instituto.<\/span><br><span style=\"color: #000000;\">b. Asignar, coordinar y evaluar las actividades de los docentes investigadores del Instituto.<\/span><br><span style=\"color: #000000;\">c. Supervisar y evaluar a los docentes investigadores del Instituto.<\/span><br><span style=\"color: #000000;\">d. Presentar propuestas del \u00e1rea acad\u00e9mica, a ser sometidas a la Direcci\u00f3n Ejecutiva y al Consejo Directivo<\/span><\/p>\t\t\t\t\t\t\t\t<\/div>\n\t\t\t\t<\/div>\n\t\t\t\t\t<\/div>\n\t\t\t\t<\/div>\n\t\t<div class=\"elementor-element elementor-element-e8acb71 e-flex e-con-boxed e-con e-parent\" data-id=\"e8acb71\" data-element_type=\"container\" data-e-type=\"container\">\n\t\t\t\t\t<div class=\"e-con-inner\">\n\t\t\t\t<div class=\"elementor-element elementor-element-a5dab9c elementor-widget elementor-widget-button\" data-id=\"a5dab9c\" data-element_type=\"widget\" data-e-type=\"widget\" data-widget_type=\"button.default\">\n\t\t\t\t<div class=\"elementor-widget-container\">\n\t\t\t\t\t\t\t\t\t<div class=\"elementor-button-wrapper\">\n\t\t\t\t\t<a class=\"elementor-button elementor-button-link elementor-size-sm elementor-animation-grow\" href=\"https:\/\/iaes.edu.ve\/?page_id=60\">\n\t\t\t\t\t\t<span class=\"elementor-button-content-wrapper\">\n\t\t\t\t\t\t<span class=\"elementor-button-icon\">\n\t\t\t\t<svg aria-hidden=\"true\" class=\"e-font-icon-svg e-fas-arrow-circle-left\" viewBox=\"0 0 512 512\" xmlns=\"http:\/\/www.w3.org\/2000\/svg\"><path d=\"M256 504C119 504 8 393 8 256S119 8 256 8s248 111 248 248-111 248-248 248zm28.9-143.6L209.4 288H392c13.3 0 24-10.7 24-24v-16c0-13.3-10.7-24-24-24H209.4l75.5-72.4c9.7-9.3 9.9-24.8.4-34.3l-11-10.9c-9.4-9.4-24.6-9.4-33.9 0L107.7 239c-9.4 9.4-9.4 24.6 0 33.9l132.7 132.7c9.4 9.4 24.6 9.4 33.9 0l11-10.9c9.5-9.5 9.3-25-.4-34.3z\"><\/path><\/svg>\t\t\t<\/span>\n\t\t\t\t\t\t\t\t\t<span class=\"elementor-button-text\">Volver<\/span>\n\t\t\t\t\t<\/span>\n\t\t\t\t\t<\/a>\n\t\t\t\t<\/div>\n\t\t\t\t\t\t\t\t<\/div>\n\t\t\t\t<\/div>\n\t\t\t\t\t<\/div>\n\t\t\t\t<\/div>\n\t\t\t\t<\/div>\n\t\t<p>Views: 170<\/p>","protected":false},"excerpt":{"rendered":"<p>Instancias para la Toma de Decisiones en el Instituto Seg\u00fan el Reglamento Interno del Servicio Aut\u00f3nomo Instituto de Altos Estudios \u00abDr. Arnoldo Gabaldon\u00bb, aprobado y publicado en Gaceta Oficial N\u00b0 37.366, bajo el Decreto N\u00b0 1.614, de fecha 17-01-2002, luego reformado y publicado en Gaceta Oficial N\u00b0 38.032, de fecha 28-09-2004, las instancias para toma [&hellip;]<\/p>\n","protected":false},"author":1,"featured_media":0,"parent":0,"menu_order":0,"comment_status":"closed","ping_status":"closed","template":"","meta":{"inline_featured_image":false,"footnotes":""},"class_list":["post-920","page","type-page","status-publish","hentry"],"yoast_head":"<!-- This site is optimized with the Yoast SEO plugin v27.4 - https:\/\/yoast.com\/product\/yoast-seo-wordpress\/ -->\n<title>Estructura Organizativa - iaes<\/title>\n<meta name=\"description\" content=\"Estructura, Organizaci\u00f3n, IAE, MPPS, Salud P\u00fablica, Epidemiolog\u00eda, Salud Ocupacional, Manejo de Vectores, Malaria, Enfermedades Metax\u00e9nicas\" \/>\n<meta name=\"robots\" content=\"index, follow, max-snippet:-1, max-image-preview:large, max-video-preview:-1\" \/>\n<link rel=\"canonical\" href=\"https:\/\/iaes.edu.ve\/?page_id=920\" \/>\n<meta property=\"og:locale\" content=\"es_ES\" \/>\n<meta property=\"og:type\" content=\"article\" \/>\n<meta property=\"og:title\" content=\"Estructura Organizativa - iaes\" \/>\n<meta property=\"og:description\" content=\"Estructura, Organizaci\u00f3n, IAE, MPPS, Salud P\u00fablica, Epidemiolog\u00eda, Salud Ocupacional, Manejo de Vectores, Malaria, Enfermedades Metax\u00e9nicas\" \/>\n<meta property=\"og:url\" content=\"https:\/\/iaes.edu.ve\/?page_id=920\" \/>\n<meta property=\"og:site_name\" content=\"iaes\" \/>\n<meta property=\"article:publisher\" content=\"https:\/\/www.facebook.com\/IAEGabaldonOficial\" \/>\n<meta property=\"article:modified_time\" content=\"2026-02-26T15:46:19+00:00\" \/>\n<meta property=\"og:image\" content=\"https:\/\/iaes.edu.ve\/wp-content\/uploads\/2026\/02\/Est-IAE-2024.jpg\" \/>\n\t<meta property=\"og:image:width\" content=\"1024\" \/>\n\t<meta property=\"og:image:height\" content=\"791\" \/>\n\t<meta property=\"og:image:type\" content=\"image\/jpeg\" \/>\n<meta name=\"twitter:card\" content=\"summary_large_image\" \/>\n<meta name=\"twitter:site\" content=\"@iaegabaldon\" \/>\n<meta name=\"twitter:label1\" content=\"Tiempo estimado de lectura\" \/>\n\t<meta name=\"twitter:data1\" content=\"7 minutos\" \/>\n<script type=\"application\/ld+json\" class=\"yoast-schema-graph\">{\"@context\":\"https:\\\/\\\/schema.org\",\"@graph\":[{\"@type\":\"WebPage\",\"@id\":\"https:\\\/\\\/iaes.edu.ve\\\/?page_id=920\",\"url\":\"https:\\\/\\\/iaes.edu.ve\\\/?page_id=920\",\"name\":\"Estructura Organizativa - iaes\",\"isPartOf\":{\"@id\":\"https:\\\/\\\/iaes.edu.ve\\\/#website\"},\"primaryImageOfPage\":{\"@id\":\"https:\\\/\\\/iaes.edu.ve\\\/?page_id=920#primaryimage\"},\"image\":{\"@id\":\"https:\\\/\\\/iaes.edu.ve\\\/?page_id=920#primaryimage\"},\"thumbnailUrl\":\"https:\\\/\\\/iaes.edu.ve\\\/wp-content\\\/uploads\\\/2026\\\/02\\\/Est-IAE-2024.jpg\",\"datePublished\":\"2024-09-27T15:13:59+00:00\",\"dateModified\":\"2026-02-26T15:46:19+00:00\",\"description\":\"Estructura, Organizaci\u00f3n, IAE, MPPS, Salud P\u00fablica, Epidemiolog\u00eda, Salud Ocupacional, Manejo de Vectores, Malaria, Enfermedades Metax\u00e9nicas\",\"breadcrumb\":{\"@id\":\"https:\\\/\\\/iaes.edu.ve\\\/?page_id=920#breadcrumb\"},\"inLanguage\":\"es\",\"potentialAction\":[{\"@type\":\"ReadAction\",\"target\":[\"https:\\\/\\\/iaes.edu.ve\\\/?page_id=920\"]}]},{\"@type\":\"ImageObject\",\"inLanguage\":\"es\",\"@id\":\"https:\\\/\\\/iaes.edu.ve\\\/?page_id=920#primaryimage\",\"url\":\"https:\\\/\\\/iaes.edu.ve\\\/wp-content\\\/uploads\\\/2026\\\/02\\\/Est-IAE-2024.jpg\",\"contentUrl\":\"https:\\\/\\\/iaes.edu.ve\\\/wp-content\\\/uploads\\\/2026\\\/02\\\/Est-IAE-2024.jpg\",\"width\":1024,\"height\":791},{\"@type\":\"BreadcrumbList\",\"@id\":\"https:\\\/\\\/iaes.edu.ve\\\/?page_id=920#breadcrumb\",\"itemListElement\":[{\"@type\":\"ListItem\",\"position\":1,\"name\":\"Portada\",\"item\":\"https:\\\/\\\/iaes.edu.ve\\\/\"},{\"@type\":\"ListItem\",\"position\":2,\"name\":\"Estructura Organizativa\"}]},{\"@type\":\"WebSite\",\"@id\":\"https:\\\/\\\/iaes.edu.ve\\\/#website\",\"url\":\"https:\\\/\\\/iaes.edu.ve\\\/\",\"name\":\"iaes\",\"description\":\"Formando al talento humano del Sistema P\u00fablico Nacional de Salud\",\"publisher\":{\"@id\":\"https:\\\/\\\/iaes.edu.ve\\\/#organization\"},\"potentialAction\":[{\"@type\":\"SearchAction\",\"target\":{\"@type\":\"EntryPoint\",\"urlTemplate\":\"https:\\\/\\\/iaes.edu.ve\\\/?s={search_term_string}\"},\"query-input\":{\"@type\":\"PropertyValueSpecification\",\"valueRequired\":true,\"valueName\":\"search_term_string\"}}],\"inLanguage\":\"es\"},{\"@type\":\"Organization\",\"@id\":\"https:\\\/\\\/iaes.edu.ve\\\/#organization\",\"name\":\"Servicio Aut\u00f3nomo Instituto de Altos Estudios Dr. Arnoldo Gabaldon\",\"alternateName\":\"IAE Dr. Arnoldo Gabaldon\",\"url\":\"https:\\\/\\\/iaes.edu.ve\\\/\",\"logo\":{\"@type\":\"ImageObject\",\"inLanguage\":\"es\",\"@id\":\"https:\\\/\\\/iaes.edu.ve\\\/#\\\/schema\\\/logo\\\/image\\\/\",\"url\":\"https:\\\/\\\/iaes.edu.ve\\\/wp-content\\\/uploads\\\/2024\\\/05\\\/logo-iae-hor.png\",\"contentUrl\":\"https:\\\/\\\/iaes.edu.ve\\\/wp-content\\\/uploads\\\/2024\\\/05\\\/logo-iae-hor.png\",\"width\":512,\"height\":170,\"caption\":\"Servicio Aut\u00f3nomo Instituto de Altos Estudios Dr. Arnoldo Gabaldon\"},\"image\":{\"@id\":\"https:\\\/\\\/iaes.edu.ve\\\/#\\\/schema\\\/logo\\\/image\\\/\"},\"sameAs\":[\"https:\\\/\\\/www.facebook.com\\\/IAEGabaldonOficial\",\"https:\\\/\\\/x.com\\\/iaegabaldon\",\"https:\\\/\\\/www.instagram.com\\\/iaegabaldon_oficial\\\/\",\"https:\\\/\\\/www.youtube.com\\\/@iaesgabaldon\"]}]}<\/script>\n<!-- \/ Yoast SEO plugin. -->","yoast_head_json":{"title":"Estructura Organizativa - iaes","description":"Estructura, Organizaci\u00f3n, IAE, MPPS, Salud P\u00fablica, Epidemiolog\u00eda, Salud Ocupacional, Manejo de Vectores, Malaria, Enfermedades Metax\u00e9nicas","robots":{"index":"index","follow":"follow","max-snippet":"max-snippet:-1","max-image-preview":"max-image-preview:large","max-video-preview":"max-video-preview:-1"},"canonical":"https:\/\/iaes.edu.ve\/?page_id=920","og_locale":"es_ES","og_type":"article","og_title":"Estructura Organizativa - iaes","og_description":"Estructura, Organizaci\u00f3n, IAE, MPPS, Salud P\u00fablica, Epidemiolog\u00eda, Salud Ocupacional, Manejo de Vectores, Malaria, Enfermedades Metax\u00e9nicas","og_url":"https:\/\/iaes.edu.ve\/?page_id=920","og_site_name":"iaes","article_publisher":"https:\/\/www.facebook.com\/IAEGabaldonOficial","article_modified_time":"2026-02-26T15:46:19+00:00","og_image":[{"width":1024,"height":791,"url":"https:\/\/iaes.edu.ve\/wp-content\/uploads\/2026\/02\/Est-IAE-2024.jpg","type":"image\/jpeg"}],"twitter_card":"summary_large_image","twitter_site":"@iaegabaldon","twitter_misc":{"Tiempo estimado de lectura":"7 minutos"},"schema":{"@context":"https:\/\/schema.org","@graph":[{"@type":"WebPage","@id":"https:\/\/iaes.edu.ve\/?page_id=920","url":"https:\/\/iaes.edu.ve\/?page_id=920","name":"Estructura Organizativa - iaes","isPartOf":{"@id":"https:\/\/iaes.edu.ve\/#website"},"primaryImageOfPage":{"@id":"https:\/\/iaes.edu.ve\/?page_id=920#primaryimage"},"image":{"@id":"https:\/\/iaes.edu.ve\/?page_id=920#primaryimage"},"thumbnailUrl":"https:\/\/iaes.edu.ve\/wp-content\/uploads\/2026\/02\/Est-IAE-2024.jpg","datePublished":"2024-09-27T15:13:59+00:00","dateModified":"2026-02-26T15:46:19+00:00","description":"Estructura, Organizaci\u00f3n, IAE, MPPS, Salud P\u00fablica, Epidemiolog\u00eda, Salud Ocupacional, Manejo de Vectores, Malaria, Enfermedades Metax\u00e9nicas","breadcrumb":{"@id":"https:\/\/iaes.edu.ve\/?page_id=920#breadcrumb"},"inLanguage":"es","potentialAction":[{"@type":"ReadAction","target":["https:\/\/iaes.edu.ve\/?page_id=920"]}]},{"@type":"ImageObject","inLanguage":"es","@id":"https:\/\/iaes.edu.ve\/?page_id=920#primaryimage","url":"https:\/\/iaes.edu.ve\/wp-content\/uploads\/2026\/02\/Est-IAE-2024.jpg","contentUrl":"https:\/\/iaes.edu.ve\/wp-content\/uploads\/2026\/02\/Est-IAE-2024.jpg","width":1024,"height":791},{"@type":"BreadcrumbList","@id":"https:\/\/iaes.edu.ve\/?page_id=920#breadcrumb","itemListElement":[{"@type":"ListItem","position":1,"name":"Portada","item":"https:\/\/iaes.edu.ve\/"},{"@type":"ListItem","position":2,"name":"Estructura Organizativa"}]},{"@type":"WebSite","@id":"https:\/\/iaes.edu.ve\/#website","url":"https:\/\/iaes.edu.ve\/","name":"iaes","description":"Formando al talento humano del Sistema P\u00fablico Nacional de Salud","publisher":{"@id":"https:\/\/iaes.edu.ve\/#organization"},"potentialAction":[{"@type":"SearchAction","target":{"@type":"EntryPoint","urlTemplate":"https:\/\/iaes.edu.ve\/?s={search_term_string}"},"query-input":{"@type":"PropertyValueSpecification","valueRequired":true,"valueName":"search_term_string"}}],"inLanguage":"es"},{"@type":"Organization","@id":"https:\/\/iaes.edu.ve\/#organization","name":"Servicio Aut\u00f3nomo Instituto de Altos Estudios Dr. Arnoldo Gabaldon","alternateName":"IAE Dr. Arnoldo Gabaldon","url":"https:\/\/iaes.edu.ve\/","logo":{"@type":"ImageObject","inLanguage":"es","@id":"https:\/\/iaes.edu.ve\/#\/schema\/logo\/image\/","url":"https:\/\/iaes.edu.ve\/wp-content\/uploads\/2024\/05\/logo-iae-hor.png","contentUrl":"https:\/\/iaes.edu.ve\/wp-content\/uploads\/2024\/05\/logo-iae-hor.png","width":512,"height":170,"caption":"Servicio Aut\u00f3nomo Instituto de Altos Estudios Dr. Arnoldo Gabaldon"},"image":{"@id":"https:\/\/iaes.edu.ve\/#\/schema\/logo\/image\/"},"sameAs":["https:\/\/www.facebook.com\/IAEGabaldonOficial","https:\/\/x.com\/iaegabaldon","https:\/\/www.instagram.com\/iaegabaldon_oficial\/","https:\/\/www.youtube.com\/@iaesgabaldon"]}]}},"_links":{"self":[{"href":"https:\/\/iaes.edu.ve\/index.php?rest_route=\/wp\/v2\/pages\/920","targetHints":{"allow":["GET"]}}],"collection":[{"href":"https:\/\/iaes.edu.ve\/index.php?rest_route=\/wp\/v2\/pages"}],"about":[{"href":"https:\/\/iaes.edu.ve\/index.php?rest_route=\/wp\/v2\/types\/page"}],"author":[{"embeddable":true,"href":"https:\/\/iaes.edu.ve\/index.php?rest_route=\/wp\/v2\/users\/1"}],"replies":[{"embeddable":true,"href":"https:\/\/iaes.edu.ve\/index.php?rest_route=%2Fwp%2Fv2%2Fcomments&post=920"}],"version-history":[{"count":22,"href":"https:\/\/iaes.edu.ve\/index.php?rest_route=\/wp\/v2\/pages\/920\/revisions"}],"predecessor-version":[{"id":5352,"href":"https:\/\/iaes.edu.ve\/index.php?rest_route=\/wp\/v2\/pages\/920\/revisions\/5352"}],"wp:attachment":[{"href":"https:\/\/iaes.edu.ve\/index.php?rest_route=%2Fwp%2Fv2%2Fmedia&parent=920"}],"curies":[{"name":"wp","href":"https:\/\/api.w.org\/{rel}","templated":true}]}}